 3*h**2 - 4*h - 1. Let j be q(-2). Suppose -2*z - 2*z = 5*o + 330, 3*z + 238 = o. Let f = j - z. Is f prime?
False
Let m = -34962 - -73261. Is m composite?
False
Let c = -6862 - -12112. Let h = c - 971. Is h composite?
True
Let s(m) = 8894*m**2 - 10*m - 153. Is s(-8) a composite number?
True
Let j = 8 - 44. Let o be (-122)/(-18) - 8/j. Let u(m) = 128*m + 23. Is u(o) a composite number?
False
Suppose -349*p = -400*p + 28407. Is p composite?
False
Let k = 50 - 120. Let q = 74 + k. Is (-6)/q*(-1834)/21 a composite number?
False
Let m = 18268 + 42321. Is m prime?
True
Let o be (-34)/8 - (-1)/4. Let p(h) = -8*h - 5*h - 2 + 8 + 4 - 7. Is p(o) a composite number?
True
Let r = 27276 + 59884. Suppose 2*j = 42*j - r. Is j composite?
False
Let n = 644402 - 287101. Is n composite?
True
Suppose 63*s - 3291972 + 169755 = 0. Is s composite?
False
Let v(w) = -2*w**3 + 15*w**2 + 8*w + 4. Let h be v(8). Suppose -5*a - 2*k + 6*k = -8785, -2*k = -h*a + 7034. Is a a prime number?
False
Suppose -u = -3*j + j, -4*u + 8 = -4*j. Suppose 0*b = -u*b + 3076. Is b composite?
False
Suppose 14880 + 30429 = 3*u. Suppose -2*l + 3*i + u = 0, 5*i + 37775 = 5*l + i. Suppose -3*h = -778 - l. Is h a prime number?
False
Suppose 4*l = -58 + 38, 3*t + l = 48544. Is t a prime number?
True
Is (-331)/662*(-241244)/2 prime?
False
Let j(q) = -q**2 + 8*q - 3. Let h be j(6). Let w be h + -6 - (-3 - 1). Suppose 3*v - 3*k + w*k = 5921, 5*v + 5*k = 9860. Is v composite?
True
Let o(i) = i**3 - 36*i**2 + 21*i - 68. Let r be o(31). Let g = r - -7955. Is g prime?
True
Let c(r) = 7*r**3 - 7*r**2 + r - 7. Let z be c(3). Suppose z = 4*h - 166. Suppose 3*o - b - h = -0*b, 2*o - 58 = 4*b. Is o prime?
True
Let c be ((-4)/(-1) + (-220)/50)*-1830. Suppose -22*d + c = -44654. Is d prime?
True
Let c = 62 + -23. Let y = -37 + c. Suppose 354 = y*s - 1744. Is s composite?
False
Let c(b) = 11209*b**2 - 44*b - 4. Is c(-1) a composite number?
True
Let w(p) = 1080*p - 2254. Is w(52) composite?
True
Is (7/(-63))/((-9)/387423) composite?
False
Suppose -8579*n - 2461372 = -8620*n - 76607. Is n a composite number?
True
Suppose 31*z - 214616 - 159585 = 0. Is z composite?
False
Let g(l) = 52*l**2 + 288*l + 39. Is g(20) composite?
True
Suppose -3*o + 21 = 5*v, o = -v - 2*o - 3. Suppose v*d - 6924 - 89922 = 0. Is d a composite number?
False
Is ((-2271)/12)/(2 - (-2 - 1491/(-372))) a composite number?
True
Suppose -3564620 = 160*k - 3510445 - 17574495. Is k a composite number?
True
Suppose 40 = -9*k - 32. Let m = k - -153. Is m a prime number?
False
Let x(k) be the first derivative of k**6/24 - 3*k**5/40 + 13*k**4/24 - 23*k**3/3 + 30. Let v(c) be the third derivative of x(c). Is v(9) prime?
False
Let i = 783 - 593. Suppose 179*u = i*u - 244607. Is u prime?
False
Is -1 + 5 + -25 + 60338 prime?
True
Let r(m) = -m + 8. Let l be r(2). Suppose -l*w - 265 = 311. Let s = w + 503. Is s a composite number?
True
Suppose 0 = 5*o - 0*o + 10. Let n be (o/(-6))/((-22)/(-396)). Is 227/n - (-1)/6 a composite number?
True
Let k(a) = -144*a**3 - 42*a**2 - 9*a - 15. Let f be k(-2). Let p = -4 + 10. Suppose -f = p*m - 5193. Is m composite?
False
Suppose 6*x = -12 + 6. Let a be 0*(-2 + (x - -4)). Suppose 2*l = v + 3*v - 520, a = -l + 2. Is v a prime number?
True
Suppose 21*t - 28*t + 21238 = 0. Let j = t + -1817. Is j prime?
True
Let p be (-4)/(-14) - (-176)/(-28). Let j(h) = -h**2 + 2. Let b be j(-2). Is ((-177)/b)/((-3)/p) a composite number?
True
Let m be 9/3 - (-1 - 0). Let n(b) = -118*b + 15. Let k(f) = -119*f + 15. Let q(g) = 3*k(g) - 4*n(g). Is q(m) composite?
True
Suppose -135623 = 228*g - 231*g - 2*x, -45203 = -g - 3*x. Is g prime?
False
Let c(u) = -15*u**2 + 4*u**2 + 8*u**2 + 0*u**2 + 1819. Is c(0) a prime number?
False
Let i(r) be the first derivative of r**2/2 + 19. Let c be i(-5). Let b(t) = -168*t + 13. Is b(c) composite?
False
Suppose 4 = m - 2*o - 1, 3*m - 3*o = 27. Let s(v) = -v + 16. Let i be s(m). Suppose 0 = i*l - 6*l + 357. Is l a prime number?
False
Let f = -410 + 414. Suppose -5*y - 3*o + 4395 = -f*o, -o - 1758 = -2*y. Is y prime?
False
Let p(z) be the first derivative of -255*z**2/2 + 7*z + 7. Is p(-8) prime?
False
Let z = -8010 + 65507. Is z prime?
False
Let r = 252847 + -145406. Is r composite?
False
Suppose 2*d + 5*f - 14364 = 64304, 0 = d + f - 39331. Is d a prime number?
False
Let a(s) = 30*s - 29. Suppose 3*r + 5*r = 3*r. Suppose p - 65 = -5*l, 2*l + r*p = -4*p + 44. Is a(l) a composite number?
False
Let n = 122 - 107. Is (-20677)/(-5) - 6/n a prime number?
False
Let z be 8/(-10) + 144/80. Suppose -11*t = -100 + z. Is 1869*(4 + -1)/t composite?
True
Let l(j) = -3*j**3 - 41*j**2 - 33*j - 60. Is l(-43) prime?
True
Let k = 33 + -17. Suppose -5*h + k = -19. Let o(y) = y**3 + 7*y**2 - 1. Is o(h) a composite number?
True
Is (-63)/7 + (-317390)/(-15)*42 a composite number?
False
Let g(r) = r**3 + 13*r**2 + 22*r + 18. Let y be g(-11). Suppose 12*h = y*h - 13626. Is h composite?
True
Suppose x + a = -4*a + 177, x = -3*a + 167. Suppose 4*c - 7885 = 5*w, 0 = -2*c - 4*w + 6*w + 3944. Let y = c - x. Is y a composite number?
False
Suppose 213175 = 2*t - v, 189720 = -3*t - v + 509500. Is t prime?
True
Let l be (24/20)/(((-8)/95)/(-4)). Let x = 65 - l. Suppose -x*z + 786 + 4390 = 0. Is z a prime number?
True
Suppose 89336 = 7*u + 19*u. Let z = u + -1619. Is z a prime number?
False
Let c = 18308 + -6341. Is c composite?
True
Suppose 5*t + 12 = -5*z + 67, -3*z + 9 = -t. Let h be (-4)/(-3)*t*(-2)/8. Is (323 - (-1 - 2)) + -1 + h composite?
True
Suppose -10*g - 1870 = -550. Let z = g + 132. Suppose z = 4*h - 9847 - 3045. Is h a prime number?
False
Suppose 2378 = -2*w - 7750. Let s = w - -8177. Is s prime?
False
Let z(q) = q**2 + 5*q - 141. Let u be z(11). Let l(w) = 54*w + 83. Is l(u) a prime number?
True
Suppose 6*i - 9 = 9. Suppose 2*r - 614 = -3*g, -r = i*g - 593 - 17. Suppose -9*z + 22063 = g. Is z a composite number?
True
Let i = -12704 - -6810. Let d = i + 11473. Is d a composite number?
True
Let c be (-3)/6 + (-2)/(-4). Let a(n) be the third derivative of -n**6/120 + n**5/60 + n**4/24 + 109*n**3/6 + 125*n**2. Is a(c) a prime number?
True
Suppose -11*a + 31507867 = 77*a + 21*a. Is a a composite number?
False
Suppose l - 231176 = 203*r - 206*r, -462373 = -2*l - 3*r. Is l prime?
True
Is (13361460/18)/35 - (-1)/3 a prime number?
False
Suppose 14*n + 33*n - 8157044 = 4881273. Is n composite?
False
Suppose 7*l + 268915 - 2048226 = 182243. Is l a composite number?
True
Let z be (-5 - (-9 + 7)) + -2 + 5. Suppose z = 3*p + 9923 - 108794. Is p a prime number?
True
Let z(l) = -26429*l - 981. Is z(-2) a prime number?
False
Suppose 0 = -2*b - 3*r + 1618360, 3*b = 87*r - 91*r + 2427539. Is b composite?
False
Is 4/(((-204)/999291)/(-17)) a prime number?
True
Suppose 2*j = -2*x + 24, -2*j = -0*j + x - 24. Suppose 0 = 8*o - j*o - 4, 4871 = 2*y + 3*o. Is y prime?
True
Let k(o) = o**3 - 10*o**2 - 2*o + 21. Let u be k(10). Let c be (u/(-4) + (-15)/(-20))*-24. Is -3*20/c - -6204 a prime number?
False
Suppose 0 = -t - 181*q + 177*q + 79415, -3*t + 238236 = 3*q. Is t prime?
True
Let y(d) = -6*d**3 - 4*d**2 + 13*d + 14. Let r be y(-8). Let l = -267 + r. Is l composite?
False
Let o = -82 + 87. Suppose -3*s - 5*j = 8, -6*s - o*j = -2*s + 4. Suppose 5*n - a + s*a - 524 = 0, 4*n - 397 = 5*a. Is n a composite number?
False
Suppose 435 = -n - 4*n. Let l be n*(3 + -2 - (-37)/3). Let v = l - -2119. Is v prime?
False
Let n(u) = -2*u**3 - 19*u**2 + 10*u + 29. Let j be n(-10). Suppose 16*v + 90961 = j*v. Is v composite?
False
Suppose -7*l + 36657 + 30691 = -3*l. Is l a prime number?
False
Let p = -14 + 14. Suppose 3*q - 69 - 9 = p. Let v = q - -11. Is v prime?
True
Suppose 2*w + 4*z - 81226 = 0, 13*w - 2*w - 446768 = 3*z. Is w prime?
False
Suppose -188*l + 148859969 + 119665883 = 0. Is l composite?
True
Let q be ((-20)/(-15))/4 - 27707/(-3). Suppose -4758 + 154 = -2*f - 5*l, -4*f + q = -4*l. Is f a composite number?
True
Suppose 218*v = 530582779 - 158559893. Is v a composite number?
False
Let i(f) = -f**3 + 24*f**2 - 4*f - 39. Let y be i(24). Let z = 262 - y. Is z composite?
False
Let d(t) = 66*t**2 + 2*t - 17. Let a(r) = -4*r + 19. Let s be a(6). Let n be d(s). Let c = n - 1144. Is c a prime number?
True
Let a be -62*((-8750)/60 - (-4)/(-6)). Suppose 0 = 